s of 1750.
2, 5, 7
What are the prime factors of 30568?
2, 3821
What are the prime factors of 11139?
3, 47, 79
What are the prime factors of 10468?
2, 2617
What are the prime factors of 15193?
15193
What are the prime factors of 663?
3, 13, 17
List the prime factors of 40823.
40823
What are the prime factors of 3004?
2, 751
What are the prime factors of 32285?
5, 11, 587
List the prime factors of 3717.
3, 7, 59
List the prime factors of 2069.
2069
List the prime factors of 179970.
2, 3, 5, 7, 857
List the prime factors of 74552.
2, 9319
List the prime factors of 9429.
3, 7, 449
List the prime factors of 4950.
2, 3, 5, 11
List the prime factors of 7278.
2, 3, 1213
List the prime factors of 889.
7, 127
What are the prime factors of 88807?
88807
List the prime factors of 84926.
2, 42463
What are the prime factors of 93?
3, 31
What are the prime factors of 27645?
3, 5, 19, 97
List the prime factors of 9487.
53, 179
List the prime factors of 52099.
53, 983
What are the prime factors of 1906?
2, 953
List the prime factors of 20253.
3, 43, 157
List the prime factors of 15885.
3, 5, 353
List the prime factors of 2417.
2417
What are the prime factors of 1283?
1283
What are the prime factors of 40789?
7, 5827
List the prime factors of 93684.
2, 3, 37, 211
What are the prime factors of 1568?
2, 7
What are the prime factors of 490?
2, 5, 7
What are the prime factors of 2514?
2, 3, 419
What are the prime factors of 3180?
2, 3, 5, 53
What are the prime factors of 55246?
2, 23, 1201
List the prime factors of 34271.
43, 797
List the prime factors of 54156.
2, 3, 4513
List the prime factors of 130432.
2, 1019
List the prime factors of 275.
5, 11
List the prime factors of 6493.
43, 151
What are the prime factors of 33138?
2, 3, 7, 263
List the prime factors of 169.
13
What are the prime factors of 646?
2, 17, 19
What are the prime factors of 69472?
2, 13, 167
List the prime factors of 55892.
2, 89, 157
List the prime factors of 1920.
2, 3, 5
What are the prime factors of 2493?
3, 277
List the prime factors of 467.
467
List the prime factors of 7590.
2, 3, 5, 11, 23
List the prime factors of 265.
5, 53
What are the prime factors of 6894?
2, 3, 383
What are the prime factors of 115?
5, 23
List the prime factors of 271.
271
List the prime factors of 54174.
2, 3, 9029
What are the prime factors of 2287?
2287
What are the prime factors of 4036?
2, 1009
What are the prime factors of 581?
7, 83
List the prime factors of 4042.
2, 43, 47
What are the prime factors of 30815?
5, 6163
List the prime factors of 70929.
3, 37, 71
What are the prime factors of 4752?
2, 3, 11
List the prime factors of 18635.
5, 3727
What are the prime factors of 18630?
2, 3, 5, 23
List the prime factors of 11829.
3, 3943
List the prime factors of 177129.
3, 19681
List the prime factors of 1060.
2, 5, 53
List the prime factors of 2254.
2, 7, 23
What are the prime factors of 44043?
3, 53, 277
List the prime factors of 24203.
24203
List the prime factors of 31593.
3, 10531
What are the prime factors of 101835?
3, 5, 31, 73
What are the prime factors of 58676?
2, 14669
What are the prime factors of 1195?
5, 239
List the prime factors of 5716.
2, 1429
List the prime factors of 66.
2, 3, 11
What are the prime factors of 69?
3, 23
List the prime factors of 8952.
2, 3, 373
What are the prime factors of 4606?
2, 7, 47
List the prime factors of 3639.
3, 1213
What are the prime factors of 139160?
2, 5, 7, 71
What are the prime factors of 995?
5, 199
List the prime factors of 44216.
2, 5527
List the prime factors of 5008.
2, 313
What are the prime factors of 2958?
2, 3, 17, 29
What are the prime factors of 4139?
4139
What are the prime factors of 48711?
3, 13, 1249
What are the prime factors of 11440?
2, 5, 11, 13
List the prime factors of 31950.
2, 3, 5, 71
What are the prime factors of 88997?
88997
List the prime factors of 107677.
29, 47, 79
List the prime factors of 20002.
2, 73, 137
List the prime factors of 2922.
2, 3, 487
List the prime factors of 11141.
13, 857
List the prime factors of 1664.
2, 13
List the prime factors of 40251.
3, 13417
What are the prime factors of 4403?
7, 17, 37
What are the prime factors of 1988?
2, 7, 71
List the prime factors of 2907.
3, 17, 19
List the prime factors of 21728.
2, 7, 97
List the prime factors of 7462.
2, 7, 13, 41
What are the prime factors of 183816?
2, 3, 23, 37
What are the prime factors of 4820?
2, 5, 241
List the prime factors of 35.
5, 7
List the prime factors of 206.
2, 103
What are the prime factors of 8828?
2, 2207
List the prime factors of 921.
3, 307
List the prime factors of 2370.
2, 3, 5, 79
What are the prime factors of 39733?
39733
List the prime factors of 38809.
197
List the prime factors of 9558.
2, 3, 59
What are the prime factors of 136532?
2, 11, 29, 107
What are the prime factors of 26630?
2, 5, 2663
What are the prime factors of 5376?
2, 3, 7
List the prime factors of 122.
2, 61
What are the prime factors of 3958?
2, 1979
List the prime factors of 1981.
7, 283
List the prime factors of 773.
773
What are the prime factors of 1516?
2, 379
List the prime factors of 39076.
2, 9769
List the prime factors of 2982.
2, 3, 7, 71
What are the prime factors of 413?
7, 59
What are the prime factors of 3240?
2, 3, 5
What are the prime factors of 435?
3, 5, 29
What are the prime factors of 1124?
2, 281
List the prime factors of 2548.
2, 7, 13
List the prime factors of 2314.
2, 13, 89
What are the prime factors of 1472?
2, 23
What are the prime factors of 31724?
2, 7, 11, 103
List the prime factors of 12991.
11, 1181
List the prime factors of 833.
7, 17
What are the prime factors of 2622?
2, 3, 19, 23
What are the prime factors of 6950?
2, 5, 139
List the prime factors of 3460.
2, 5, 173
List the prime factors of 75995.
5, 15199
List the prime factors of 1075.
5, 43
What are the prime factors of 3526?
2, 41, 43
What are the prime factors of 98944?
2, 773
What are the prime factors of 3211?
13, 19
List the prime factors of 7676.
2, 19, 101
List the prime factors of 4786.
2, 2393
List the prime factors of 466.
2, 233
What are the prime factors of 3532?
2, 883
What are the prime factors of 21713?
21713
What are the prime factors of 13341?
3, 4447
What are the prime factors of 1455?
3, 5, 97
List the prime factors of 29811.
3, 19, 523
What are the prime factors of 2422?
2, 7, 173
What are the prime factors of 142512?
2, 3, 2969
What are the prime factors of 939?
3, 313
List the prime factors of 8162.
2, 7, 11, 53
List the prime factors of 3603.
3, 1201
What are the prime factors of 18510?
2, 3, 5, 617
List the prime factors of 8625.
3, 5, 23
What are the prime factors of 328?
2, 41
List the prime factors of 22623.
3, 7541
What are the prime factors of 1279?
1279
List the prime factors of 3955.
5, 7, 113
What are the prime factors of 1329?
3, 443
What are the prime factors of 57230?
2, 5, 59, 97
List the prime factors of 122.
2, 61
What are the prime factors of 30087?
3, 3343
What are the prime factors of 16499?
7, 2357
What are the prime factors of 1146?
2, 3, 191
List the prime factors of 642.
2, 3, 107
What are the prime factors of 1402?
2, 701
What are the prime factors of 36091?
11, 17, 193
What are the prime factors of 96865?
5, 19373
What are the prime factors of 895?
5, 179
List the prime factors of 1373.
1373
List the prime factors of 17227.
7, 23, 107
List the prime factors of 1957.
19, 103
List the prime factors of 115721.
97, 1193
List the prime factors of 2529.
3, 281
List the prime factors of 3696.
2, 3, 7, 11
What are the prime factors of 10993?
10993
What are the prime factors of 1154?
2, 577
What are the prime factors of 16500?
2, 3, 5, 11
List the prime factors of 903.
3, 7, 43
What are the prime factors of 533?
13, 41
What are the prime factors of 7922?
2, 17, 233
What are the prime factors of 1164?
2, 3, 97
List the prime factors of 100116.
2, 3, 103
List the prime factors of 7229.
7229
What are the prime factors of 3248?
2, 7, 29
List the prime factors of 8693.
8693
What are the prime factors of 7682?
2, 23, 167
What are the prime factors of 24499?
24499
List the prime factors of 4525.
5, 181
What are the prime factors of 22121?
11, 2011
List the prime factors of 45964.
2, 11491
What are the prime factors of 8110?
2, 5, 811
What